is the greatest common factor of c and l?
26
Let k(q) = q - 1. Let x be k(4). Suppose -2*w - 1 = -x. Suppose w + 3 = -s + 3*b, -s + b = 0. What is the highest common factor of 3 and s?
1
Suppose 5*j + 2*o - 402 = 0, 4*j - 75 - 244 = o. What is the greatest common divisor of 464 and j?
16
Let n(d) = -3*d + 7. Let i be n(-2). Let y be 4*(0 + 429/12). Calculate the highest common divisor of i and y.
13
Let o(u) = 64*u + 2. Let h(k) = 1023*k + 33. Let j(l) = 2*h(l) - 33*o(l). Let d be j(-3). Calculate the highest common factor of 18 and d.
18
Suppose -4*g + 5*q + 209 = -36, 3*g + 2*q = 178. What is the greatest common divisor of 45 and g?
15
Let o = 64 - -56. Suppose -5*a - o = -725. Let l = 27 - 16. Calculate the highest common factor of l and a.
11
Suppose 0 = -9*w + 2267 - 755. Calculate the highest common divisor of 280 and w.
56
Let d be (-4)/(-6) + 163/3. Let r be (-4 + (-39)/(-6))*2. Let g be 1 + r/(-6) + 262/12. Calculate the greatest common divisor of g and d.
11
Suppose -375*r = -387*r + 4452. Calculate the greatest common factor of 14 and r.
7
Let z(l) be the first derivative of l**3/3 - 19*l**2/2 - 10*l - 38. Let v be z(22). Calculate the highest common divisor of v and 42.
14
Suppose -2*h = 3*w + 2*h - 85, 0 = 2*w - 2*h - 52. Let m = -70 - -16. Let l = -27 - m. Calculate the greatest common divisor of l and w.
27
Suppose -5*m = -4*m - 16. Suppose q - 94 = m. Let i = 129 + -85. Calculate the greatest common divisor of i and q.
22
Let k(x) = -x**2 - 10*x - 13. Let v be k(-12). Let y = v + 72. Let r be (2/2)/((-1)/(-5)). What is the highest common factor of y and r?
5
Let m(o) = 3*o**2 - 64*o - 236. Let s be m(-4). What is the highest common factor of s and 2176?
68
Suppose 4*v = -0*r + 2*r + 164, -5*v + 190 = 5*r. Let u(p) = p**2 - 4*p + 4. Let f be u(6). Calculate the greatest common divisor of f and v.
8
Let g(n) = -11*n - 3. Let v(u) = 45*u + 12. Let k(b) = 9*g(b) + 2*v(b). Let p be k(-1). What is the highest common divisor of 42 and p?
6
Suppose 732 = 8*g - 1340. What is the highest common divisor of g and 222?
37
Suppose 5*m - 2*i = 34, 6*i = -2*m + i + 2. Calculate the greatest common factor of 4 and m.
2
Let v(k) = k**3 + 12*k**2 + k + 6. Let c be v(-5). Suppose -15*j - 48 = -18*j. What is the greatest common divisor of j and c?
16
Let b(k) = k**3 - 10*k**2 - 9*k - 15. Let f be (-44)/(-10)*15/6. Let m be b(f). Calculate the greatest common divisor of m and 7.
7
Let i be 5/(-10) + 93/2*1. What is the highest common divisor of 184 and i?
46
Suppose 3*d + 14*f - 115 = 10*f, -4*d = -5*f - 205. What is the highest common factor of d and 150?
15
Let p(s) = 4*s + 2 + 0*s + 7 + 1. Let i be p(4). What is the greatest common factor of 91 and i?
13
Suppose 2*f - 160 = -3*f. Suppose -5*c + 84 = 2*d, -3*c + f = d - 12. Calculate the highest common factor of 8 and d.
8
Let s = 1136 + 60. What is the highest common divisor of 52 and s?
52
Suppose 0*f - 4*f + 432 = 0. Suppose -3*d = d - f. Let n = 257 + -254. Calculate the highest common divisor of d and n.
3
Let x = 189 - 114. Let n be (-2 + 0)/(3/(-21)). Suppose 0 = -n*u + 17*u - 45. Calculate the greatest common divisor of u and x.
15
Suppose 0*b - 14 = -2*b. Let d(i) = i**2 - 6*i - 16. Let k be d(8). Suppose -b*p + 3*p + 72 = k. Calculate the highest common divisor of p and 45.
9
Let f = -1566 - -1586. Let l = 43 - 13. What is the greatest common divisor of l and f?
10
Let h be (16/32)/((-2)/(-96)). Suppose 0*w - 3*w = -h. What is the greatest common divisor of 12 and w?
4
Let w = -81 + 75. Let j = -3 + 12. Let l = w + j. What is the highest common divisor of l and 1?
1
Let q(o) = o**2 + 25*o - 107. Let f be q(-29). Calculate the greatest common divisor of 3 and f.
3
Let z = -198 + 298. Suppose -5*a + 10*a - z = 0. Let w = -168 - -248. Calculate the greatest common factor of a and w.
20
Let c be (-2)/(-9) + (-318)/(-27). Let o = c + -30. Let u be (o/3)/((-6)/16). Calculate the highest common factor of 64 and u.
16
Let q be ((-3 + -30)/(-3))/(3/96). Suppose -4*y - 7*y = -q. What is the highest common factor of 24 and y?
8
Suppose 55 = 11*r - 44. Suppose r*c - 16 - 20 = 0. Suppose 2*o - 3*i - 64 = 0, -i - 19 = -o + 13. What is the greatest common factor of c and o?
4
Let k = 153 + -137. What is the greatest common factor of 6 and k?
2
Suppose 30 = -7*i + 10*i - 4*r, -3*i + 30 = -3*r. What is the greatest common factor of 250 and i?
10
Let n be 258/9 + -7 + 2/6. Calculate the highest common divisor of 121 and n.
11
Let h = -14 + 62. Let g(l) = 2*l + 1. Let r be g(-5). Let p(s) = -s**3 - 10*s**2 - 12*s - 11. Let j be p(r). What is the greatest common factor of j and h?
16
Let p = -132 + 182. Let o = 2 + 3. Calculate the greatest common factor of o and p.
5
Let m be (5/10)/(2/(-168)). Let t be 2*(-1 - m)*1 + 2. Calculate the highest common factor of 28 and t.
28
Let q = 185 - 41. Calculate the greatest common factor of q and 16.
16
Let t be (0 - -1*6)/((-59)/(-354)). Let x = 6 + -2. Calculate the highest common divisor of t and x.
4
Let a(x) = 12*x + 24. Let t be a(-1). What is the greatest common divisor of 24 and t?
12
Let o be (6/(-4))/(7 - (-680)/(-96)). Calculate the highest common divisor of 1494 and o.
18
Let l = 46 - 23. Suppose -10*d + 18*d - 1104 = 0. What is the highest common factor of l and d?
23
Let o(q) = q**2 - 8*q + 22. Let x be o(3). Let r(j) = j**3 - 7*j**2 + 3*j + 1. Let n be r(x). What is the highest common divisor of 198 and n?
22
Suppose 34*p - 33*p = 8. Suppose 3*u = -u + 32. Suppose 0 = 2*j - 2*t + 6, t - 13 = 4*j - u*j. Calculate the greatest common divisor of j and p.
2
Let p be 30/2 + (8 - 15) + 4. What is the highest common divisor of p and 2664?
12
Let z be (2/6)/(7/(-651)). Let k = z - -24. Let i = 98 - k. What is the highest common factor of i and 15?
15
Suppose 320 = 2*y + 4*j, -2*j - 804 = -5*y + 44. What is the highest common factor of 56 and y?
56
Let a(m) = m**3 - 12*m**2 + 59*m + 7. Let p be a(7). What is the highest common factor of p and 315?
35
Let y be 3 - (63/2)/(-3)*6. Suppose 18*a = 21*a - y. Calculate the greatest common factor of a and 88.
22
Suppose 5*l - 4*s = 29, s = 2*l - 4*s - 15. Suppose -6 = -l*g + 19. Calculate the highest common factor of g and 20.
5
Suppose 1733 = 76*k - 1687. Calculate the greatest common factor of 1395 and k.
45
Let p = -106 - -106. Suppose 4*r + p*a + 4*a = 236, 5*a + 83 = r. Calculate the greatest common factor of r and 21.
21
Suppose 11*c - 10 = 13*c, 0 = f + 5*c + 9. What is the highest common divisor of 192 and f?
16
Let j = 401 - 303. Calculate the highest common factor of 245 and j.
49
Let a be (39/4)/(-14*(-30)/2240). Calculate the highest common factor of 156 and a.
52
Suppose 30 = 4*m + 14. Let f = 10 - 10. Suppose 2*l - 22 = 2*z, f = -5*l + 2*z - z + 51. Calculate the highest common factor of m and l.
2
Let c be 88/(-484) - (-8298)/22. What is the highest common divisor of 169 and c?
13
Let o(n) = 1 - 6*n**2 + 3 - n**3 - 5*n - 3. Suppose -6*b - 15 = -3*b. Let q be o(b). Calculate the greatest common divisor of 4 and q.
1
Let c(x) = -x - 2. Let h be c(-11). Let m(v) = -v**3 + 10*v**2 - 7*v + 2. Let o be m(h). Calculate the greatest common factor of 10 and o.
10
Let u = 6 + -4. Suppose -x + 221 = 219, -5*x + 12 = v. What is the greatest common divisor of u and v?
2
Let u = 2 - -12. Let r = 17 - u. What is the greatest common factor of 21 and r?
3
Suppose 0 = 4*c, 3*f - 39 = -3*c + 6. Let t = 21 + -21. Suppose t = 4*a - 5*a + 60. Calculate the greatest common factor of f and a.
15
Suppose 3*y + 48 = 11*y. Let g(s) = -2*s**3 + 13*s**2 + 9*s - 9. Let w be g(y). What is the highest common divisor of 27 and w?
27
Let y be (55/(-2) - 0)*-2. Suppose -1 + 5 = b. Let r be (-15)/(-9)*(-1 + b). What is the highest common divisor of y and r?
5
Let x(i) = -i**3 - 6*i**2 - 8*i - 1. Let b be x(-5). Calculate the highest common factor of 322 and b.
14
Let c = -235 - -499. Suppose -7*x + 2*x + 166 = w, 134 = 4*x + 2*w. What is the highest common factor of c and x?
33
Suppose 3*n = k + 8*n + 66, -5*k - 5*n - 370 = 0. Let z = k + 81. What is the greatest common factor of z and 2?
1
Suppose -2 = -3*p + 3*l + 286, 4*l - 111 = -p. Let a = -80 + 41. Let n = p + a. Calculate the highest common factor of 24 and n.
12
Let l = -1655 -